et t(m) = -m. Suppose h + 0*o = -2*o - 2, 0 = -o + 1. Let b be t(h). Calculate a(b).
1
Suppose 4 = 3*w - 0*w - 5*j, -w + 1 = -2*j. Let p(b) = -2*b**2 - b**3 - 1 + 2*b**3 - b**2 + 2*b. Calculate p(w).
5
Suppose 7*o - 4*o = -3*y + 9, 2*y - 4*o + 12 = 0. Suppose d = -y*d + 2. Let c(j) = 14*j + d - 4 - 15*j. What is c(-5)?
3
Let p(b) = 4*b + 5*b**2 - 5 - 5*b - 2*b**3 - 2*b + b**3. Suppose 0*o + 8 = 2*o. Give p(o).
-1
Let b(p) = -p**3 + p**2 + 3*p - 2. Suppose -4*r = -3*m - 20, 4*r - 29 + 5 = 4*m. Determine b(r).
0
Let z(i) be the second derivative of -i**5/20 + i**4/12 + i**2 - i + 5. Suppose 4*d + 0*d = 12. What is z(d)?
-16
Let c(u) = u + 4. Let v be (-2)/(-6) + 28/6. Let w = v - 12. Determine c(w).
-3
Let k(h) = -52 + h**3 + 47 - 7*h - 4*h**2 - 2*h**2. Give k(7).
-5
Let k(p) = p**3 + 6*p**2 - 3*p - 13. Let w be k(-6). Let n(a) = a - 2. Determine n(w).
3
Suppose -3*f - 7 = -2*f. Let r(w) = -w**2 - 6*w - 1. Give r(f).
-8
Let m(b) = 2*b**2 - 2*b - 2. Let a(o) = o**2 + o - 4. Let u be a(-4). Suppose -3*s + 4*v - 3 = -u*s, -5*v = 3*s + 6. Calculate m(s).
10
Let n be 2*(-1)/((-4)/4). Let i(f) be the second derivative of -f**4/12 - f. Calculate i(n).
-4
Let a(r) = r**2 - r. Let c(j) = -j**3 + 7*j**2 + 8*j + 8. Let x be c(8). Suppose x = -l - l. Let g(y) = -y**3 - 3*y**2 + 5*y + 5. Let t be g(l). What is a(t)?
0
Let a(b) = -7*b + 1. Suppose -6*g = -3*g - 12. Suppose x - g = 5*x. Determine a(x).
8
Let l(i) = i**2 + 15*i + 10. Let q(b) = b**2 + 14*b + 9. Let k(d) = 6*l(d) - 7*q(d). Calculate k(-7).
4
Let c(y) = -y**2 + 3*y + 4. Let r be -1 + 5 - (2 - 2). Calculate c(r).
0
Let g(b) be the first derivative of -b**2 + 4*b - 1. Calculate g(4).
-4
Let d be -2 + 8/2 + -4. Let c(v) = v**2 + 2*v + 3. Give c(d).
3
Let s(n) = -n**3 + n**2 + n - 7. Let v be s(0). Let j(y) = -y**3 - 6*y**2 + 8*y - 3. Give j(v).
-10
Let j(t) be the second derivative of -t**5/12 + t**4/24 + t**2/2 - t. Let o(z) be the first derivative of j(z). Suppose 0 = s + s - 2. Determine o(s).
-4
Let y = -1 - -1. Let b be ((-9)/6)/(1/(-2)). Let s(c) = -2 + 4*c**2 - 2*c**2 - b*c**2 - 6 + c. Give s(y).
-8
Let r = -2 + 1. Let i be (r - -2)/((-1)/(-3)). Let x(n) = n**2 - 72*n + 70*n + 0*n**2 - 4. Calculate x(i).
-1
Let x(r) = 3*r - 3. Suppose 4*s - 20 = -s. Suppose j = -s*t + 11, j = -0*t + 5*t - 7. What is x(j)?
6
Let t(y) be the first derivative of y**3/3 - y**2 + y + 1. Let i = -77 + 78. Give t(i).
0
Let z(y) = -6*y - 53. Let p be z(-7). Let l(j) = j**2 + 11*j - 3. Calculate l(p).
-3
Let z = 5 + -4. Let a(w) = 7*w - 6*w**3 - 7*w - z. Calculate a(1).
-7
Let b = -2 - -3. Let p(t) = t**3 - 4*t + 3. Let i be p(2). Let c(n) = -4*n**i + 4 - n**2 + 1 - 4 - n. Calculate c(b).
-5
Let l(z) be the first derivative of -z**3/3 + z**2/2 - 2*z + 1. Give l(0).
-2
Let d be (6/4 - (-34)/4)/2. Let y(h) = -h**2 + 5*h + 4. Calculate y(d).
4
Let a(v) = 10*v. Let w(l) = -l + 11. Let g be w(12). Determine a(g).
-10
Let z be (-2)/(-5) - 192/(-20). Suppose -z = -d - d. Let y(b) = -5*b**2 + 40*b - 30. Let u(m) = -m**2 + 8*m - 6. Let c(o) = 11*u(o) - 2*y(o). Calculate c(d).
9
Suppose 3*k - 10 = 2*f + 3*f, 8 = 4*k - 4*f. Suppose -2*x + 5*x - 15 = k. Let s(y) = y - 1. Give s(x).
4
Let c(v) = 8*v - 22. Let o be c(2). Let s(b) = b + 4. Calculate s(o).
-2
Let j(s) be the first derivative of 1/3*s**3 - s - 3 - s**2. Let y(b) = b**2 - b. Let w be y(2). What is j(w)?
-1
Let o(u) = -6*u**3 - 5*u**2 + 9*u - 3. Let r(f) = -5*f**3 - 5*f**2 + 9*f - 2. Let g(t) = -4*o(t) + 5*r(t). Suppose 0*s = 2*s + 12. Give g(s).
-16
Let d(z) = 7*z + 6. Let y(a) = 20*a + 17. Suppose -4*q = 5*r - 9*q - 110, r = 2*q + 27. Suppose -p + r = -2*p. Let g(h) = p*d(h) + 6*y(h). Give g(0).
0
Suppose 2*p - 5 = -1. Let o(c) = -2 - c**2 + 0*c**2 - p + 3. Give o(-2).
-5
Let b(z) = -z**3 + 5*z**2 - 5*z + 6. Let m(d) = -3*d**2 + 10*d**2 - 7*d + 4 - 6*d**2. Let w be m(7). Give b(w).
2
Let v(w) be the second derivative of -w**3/3 - 2*w**2 + w. Let h(j) = -2*j**2 + j. Let f be h(-1). Determine v(f).
2
Let a = -43 + 45. Let q(d) be the second derivative of -1/2*d**a - 3*d - 1/3*d**4 + 0 - d**3 + 1/20*d**5. What is q(5)?
-6
Suppose 0 = t + 1, 0*o + 4*t = -4*o - 32. Let n = -10 - o. Let s(p) = p**3 + 2*p**2 - 3*p + 3. Give s(n).
3
Let j(m) = m**3 + 2*m**2 - 3*m + 3. Let t be j(2). Let b(x) = -12*x**3 + t*x**3 + 6 - 6*x**2 + 0. Give b(6).
6
Suppose -4 = -3*j - 2*u, -u + 2 = -3*j - 0*u. Let x(p) = j - 5*p + 0 + p**2 - 4. Let v = -5 + 9. Give x(v).
-8
Let c(j) = 3*j - 1. Let k(g) = g**2 - 7*g - 2. Let d be k(7). Let b = 1 + d. Determine c(b).
-4
Let p(h) = h**2 - 47 + 92 - 44 - 6*h. What is p(4)?
-7
Suppose 3*s - 9 = -0. Suppose 4*j - 4 = -2*m, m + 3 = -s*j + 7. Let t(n) = n + 4. Give t(m).
2
Suppose 2*o - 8 = -2*s, -2*s - 8 = -2*o - 0*o. Let q(i) = -2*i + i - o + 4. Determine q(-3).
3
Let k(b) = -b**2 - b + 8. Suppose 0 = -2*y + y. Give k(y).
8
Suppose -2*u - 5*i - 5 = 0, 4 = -2*u - 4*i - 0. Let k = u - -2. Suppose 0*j - k*j - 8 = 0. Let o(y) = y**2 + 5*y - 3. Calculate o(j).
-7
Let l be (-24)/(-16)*(-8)/(-3). Let z(t) = -t**2 + 2*t - 1. Determine z(l).
-9
Let n(h) = 12 - 4 + h**3 + 3. Calculate n(0).
11
Let c(r) = -3*r**2 + 1012 - 8*r - 1006 + 4*r**2. Give c(8).
6
Suppose 2*g - 6*g - 12 = 0. Let r(z) be the second derivative of -z**3/6 - z**2/2 - 3*z. What is r(g)?
2
Let j(y) = -y**3 - 3*y**2 - 3*y - 3. Suppose -5*z + 6 = p, -4*z = 5*p - 0*z - 9. Let v be 2/(p - 0 - 2). What is j(v)?
-1
Let q = 2 + -1. Let u be 0/(-1*(q + 0)). Let z(l) = -l + 2. What is z(u)?
2
Let b(u) be the second derivative of -1/6*u**3 + 1/20*u**5 - 3*u - 1/12*u**4 + 0 + u**2. Determine b(2).
4
Let a(v) = 3*v - 6. Let x = 5 - 0. Suppose -o + x = -0. What is a(o)?
9
Suppose r = -g + 1 - 0, 5*r + 31 = 4*g. Suppose 25*u = 21*u + g. Let d(b) = -6*b - 1. Determine d(u).
-7
Suppose -5*c + 9 = r, -6*c + r = -3*c - 7. Suppose -6 = -4*q + c. Let k(v) = 0*v + 2*v + 6*v**q - v. Determine k(-1).
5
Let z(v) = 4*v - 9. Let n(h) = 7*h - 17. Let f(p) = -3*n(p) + 5*z(p). Give f(5).
1
Suppose m + 55 = -4*m. Let t = -15 - m. Let g(a) = a**2 + 3*a - 2. Give g(t).
2
Let w(j) be the second derivative of -j**4/8 + j**3/3 + 3*j**2/2 - 5*j. Let z(s) be the first derivative of w(s). Determine z(2).
-4
Let i(c) = 2*c + 4 + 4 + 1 + 3. Determine i(-8).
-4
Let a(y) = -y + 4. Let h = 6 + 0. Calculate a(h).
-2
Let h(a) = 7*a**2 - a - 9. Let z(p) = 20*p**2 - 2*p - 26. Let b(v) = -17*h(v) + 6*z(v). Determine b(-5).
-3
Let d(i) = i**2 + 5*i + 1. Let t be d(-5). Let z(m) = 3*m**2 - 4*m - 3. Let p(k) = k + 1. Let c(a) = 4*p(a) + z(a). Determine c(t).
4
Let v = 92 - 545/6. Let k(s) be the second derivative of 0 - 1/20*s**5 - s + 2*s**2 + 1/2*s**4 - v*s**3. Calculate k(4).
8
Let g(n) = 210*n - 2 - 206*n + 1. Suppose -h - c + 6 = 0, -2 + 20 = h + 4*c. Determine g(h).
7
Let w(m) = -m**2 + 5*m - 5. Let g(r) = -5*r - 12. Let y be g(-8). Let o be 4/12 - y/(-6). Determine w(o).
-5
Let v(r) = r**2 + r. Suppose 4 = -c + 2. Let u be v(c). Let n(k) = -k**2 + k - 2. Calculate n(u).
-4
Let w(q) be the second derivative of 0 + 1/3*q**3 - 1/12*q**4 - 1/2*q**2 + 3*q. Calculate w(3).
-4
Let z be (-1)/2*0/3. Let n(h) = -2*h + h**3 - h**2 + 3 - 7 + 3*h. Determine n(z).
-4
Let w(j) = -1 - 8 + j + 2. Determine w(5).
-2
Let k be (-6)/(6*(-3)/12). Let l = k - 8. Let c = l + 3. Let p(q) = -5*q**3 + q + 1. What is p(c)?
5
Let b(d) = -2 + d + 0 + 3. Suppose -5 - 15 = -5*z. Let c be b(z). Let r(s) = -s**2 + 4*s + 5. What is r(c)?
0
Let g(k) = 2*k + 1. Suppose 0 = v - 1 - 1. Suppose 0 = -5*f - v - 3. Calculate g(f).
-1
Let f(h) = -2*h + 4 - 6 + 4. Let n(y) = y**3 - 5*y**2 - 6*y - 2. Let x be n(6). Determine f(x).
6
Let s(u) = -u**2 + 8*u - 6. Let j(l) = -9*l - 10. Let t(k) = -4*k - 5. Let q(i) = -2*j(i) + 5*t(i). Let x be q(-6). What is s(x)?
1
Let o(x) = x. Let k(j) = 8*j**2 + 2*j - 2. Let s be k(2). Suppose -4*u = -5*h - 2 + 3, -2*h = 4*u - s. Let t(n) = 1. Let q(p) = u*t(p) - o(p). Calculate q(5).
1
Let w(j) = -j + 1. Let p be 6*-1*(-5)/(-10). Determine w(p).
4
Let c(b) = -2*b**3 - 2*b**2 + 3*b + 4. Let u be 9/(-45) + 9/(-5). Let i be c(u). Let w(s) be the second derivative of s**3/6 - 6*s**2 - s. Calculate w(i).
-6
Let o(y) = -2*y - 15. Let r be o(-9). Let q(c) = 2*c**2 - 3*c - 2. What is q(r)?
7
Suppose 738 - 742 = j. Let i(k) be the third derivative of -1/6